{"id":7,"date":"2025-03-17T13:05:18","date_gmt":"2025-03-17T13:05:18","guid":{"rendered":"https:\/\/wilmannsykkel.no\/?page_id=7"},"modified":"2025-03-18T09:16:48","modified_gmt":"2025-03-18T09:16:48","slug":"sykler","status":"publish","type":"page","link":"https:\/\/wilmannsykkel.no\/?page_id=7","title":{"rendered":"Sykler"},"content":{"rendered":"<h1>Din dr\u00f8mmesykkel<\/h1>\n<div>\n<p>Tilpasset deg<\/p>\n<\/div>\n<p><p>\n        <a href=\"\/?page_id=200\">Snakk med selger n\u00e5!<\/a>\n    <\/p>\n<\/p>\n<div>\n<p>Som forhandler tilbyr vi et bredt utvalg av sykler. Vi finner den perfekte l\u00f8sningen som matcher dine behov og preferanser.<\/p>\n<\/div>\n<h1>En sykkel til enhver form\u00e5l<\/h1>\n<ul>\n<li>\n<p>        <img decoding=\"async\" src=\"\/wp-content\/uploads\/2025\/03\/terrain_bike.jpg\" alt=\"\"><\/p>\n<h3>Terrengsykler<\/h3>\n<div>\n<p>Robust design for eventyr og utfordrende terreng.<\/p>\n<\/div>\n<p><a href=\"\/?page_id=200\">Kontakt<\/a><\/p>\n<\/li>\n<li>\n<p>        <img decoding=\"async\" src=\"\/wp-content\/uploads\/2025\/03\/light.jpg\" alt=\"\"><\/p>\n<h3>Landeveissykler<\/h3>\n<div>\n<p>Lette og aerodynamiske sykler for lange turer og racing.<\/p>\n<\/div>\n<p><a href=\"\/?page_id=200\">Kontakt<\/a><\/p>\n<\/li>\n<li>\n<p>        <img decoding=\"async\" src=\"\/wp-content\/uploads\/2025\/03\/citybike.jpg\" alt=\"\"><\/p>\n<h3>Bysykkel<\/h3>\n<div>\n<p>Komfortable og praktiske sykler for hverdagsbruk.<\/p>\n<\/div>\n<p><a href=\"\/?page_id=200\">Kontakt<\/a><\/p>\n<\/li>\n<li>\n<p>        <img decoding=\"async\" src=\"\/wp-content\/uploads\/2025\/03\/el_bike.jpg\" alt=\"\"><\/p>\n<h3>El-sykler<\/h3>\n<div>\n<p>Moderne teknologi med kraftig motor, tilpasset ulike behov.<\/p>\n<\/div>\n<p><a href=\"\/?page_id=200\">Kontakt<\/a><\/p>\n<\/li>\n<\/ul>\n<blockquote>\n<p>Vi tilpasser hver sykkel etter din kropp og dine behov, slik at du f\u00e5r den beste komforten og ytelsen.<\/p>\n<footer>\n<p>                <cite>Jostein<\/cite><\/p>\n<\/footer>\n<\/blockquote>\n<h1>Fra utvalg til tilpasning<\/h1>\n<ul>\n<li>\n<h3>1. Konsultasjon<\/h3>\n<div>\n<p>R\u00e5dgivning for \u00e5 forst\u00e5 dine behov.<\/p>\n<\/div>\n<\/li>\n<li>\n<h3>2. Valg av sykkel<\/h3>\n<div>\n<p>Hjelp med \u00e5 velge riktig modell fra v\u00e5rt brede utvalg.<\/p>\n<\/div>\n<\/li>\n<li>\n<h3>3. Personlig tilpasning<\/h3>\n<div>\n<p>Justering av ramme, seteposisjon, styre og andre ergonomiske elementer.<\/p>\n<\/div>\n<\/li>\n<li>\n<h3>4. Levering og oppf\u00f8lging<\/h3>\n<div>\n<p>Sykkelen leveres klar for din neste tur \u2013 med mulighet for videre service og oppgraderinger.<\/p>\n<\/div>\n<\/li>\n<\/ul>\n<p><p>\n        <a href=\"\/?page_id=200\">Start prosessen n\u00e5!<\/a>\n    <\/p>\n<\/p>\n<p><!--more--><br \/>\n<!-- {\"type\":\"layout\",\"children\":[{\"type\":\"section\",\"props\":{\"image\":\"wp-content\\\/uploads\\\/2025\\\/03\\\/bikeinforest.jpg\",\"image_position\":\"center-center\",\"image_size\":\"cover\",\"media_overlay\":\"rgba(0, 0, 0, 0.34)\",\"padding\":\"xlarge\",\"style\":\"primary\",\"title_breakpoint\":\"xl\",\"title_position\":\"top-left\",\"title_rotation\":\"left\",\"vertical_align\":\"middle\",\"width\":\"default\"},\"children\":[{\"type\":\"row\",\"children\":[{\"type\":\"column\",\"props\":{\"image_position\":\"center-center\",\"position_sticky_breakpoint\":\"m\"},\"children\":[{\"type\":\"headline\",\"props\":{\"content\":\"Din dr\\u00f8mmesykkel\",\"text_align\":\"center\",\"title_element\":\"h1\"}},{\"type\":\"text\",\"props\":{\"column_breakpoint\":\"m\",\"content\":\"\n\n<p>Tilpasset deg<\\\/p>\",\"margin\":\"default\",\"text_align\":\"center\",\"text_style\":\"large\"}},{\"type\":\"button\",\"props\":{\"grid_column_gap\":\"small\",\"grid_row_gap\":\"small\",\"margin\":\"default\",\"text_align\":\"center\"},\"children\":[{\"type\":\"button_item\",\"props\":{\"button_style\":\"primary\",\"content\":\"Snakk med selger n\\u00e5!\",\"dialog_layout\":\"modal\",\"dialog_offcanvas_flip\":true,\"icon\":\"receiver\",\"icon_align\":\"left\",\"link\":\"?page_id=200\"}}]}]}]}],\"name\":\"Hero\"},{\"type\":\"section\",\"props\":{\"image_position\":\"center-center\",\"style\":\"primary\",\"title_breakpoint\":\"xl\",\"title_position\":\"top-left\",\"title_rotation\":\"left\",\"vertical_align\":\"middle\",\"width\":\"default\"},\"children\":[{\"type\":\"row\",\"children\":[{\"type\":\"column\",\"props\":{\"image_position\":\"center-center\",\"position_sticky_breakpoint\":\"m\"},\"children\":[{\"type\":\"text\",\"props\":{\"column_breakpoint\":\"m\",\"content\":\"\n\n<p>Som forhandler tilbyr vi et bredt utvalg av sykler. Vi finner den perfekte l\\u00f8sningen som matcher dine behov og preferanser.<\\\/p>\",\"margin\":\"default\",\"text_align\":\"center\",\"text_style\":\"large\"}}]}]}],\"name\":\"CTA\"},{\"type\":\"section\",\"props\":{\"image_position\":\"center-center\",\"padding\":\"xlarge\",\"style\":\"default\",\"title_breakpoint\":\"xl\",\"title_position\":\"top-left\",\"title_rotation\":\"left\",\"vertical_align\":\"middle\",\"width\":\"default\"},\"children\":[{\"type\":\"row\",\"props\":{\"margin\":\"large\"},\"children\":[{\"type\":\"column\",\"props\":{\"image_position\":\"center-center\",\"position_sticky_breakpoint\":\"m\"},\"children\":[{\"type\":\"headline\",\"props\":{\"content\":\"En sykkel til enhver form\\u00e5l\",\"text_align\":\"center\",\"title_element\":\"h1\"}}]}]},{\"type\":\"row\",\"children\":[{\"type\":\"column\",\"props\":{\"image_position\":\"center-center\",\"position_sticky_breakpoint\":\"m\"},\"children\":[{\"type\":\"panel-slider\",\"props\":{\"content_column_breakpoint\":\"m\",\"icon_width\":80,\"image_align\":\"top\",\"image_grid_breakpoint\":\"m\",\"image_grid_width\":\"1-2\",\"image_height\":150,\"image_svg_color\":\"emphasis\",\"link_style\":\"default\",\"link_text\":\"Kontakt\",\"margin\":\"default\",\"meta_align\":\"below-title\",\"meta_element\":\"div\",\"meta_style\":\"text-meta\",\"nav\":\"dotnav\",\"nav_align\":\"center\",\"nav_breakpoint\":\"s\",\"panel_match\":true,\"show_content\":true,\"show_hover_image\":true,\"show_hover_video\":true,\"show_image\":true,\"show_link\":true,\"show_meta\":true,\"show_title\":true,\"show_video\":true,\"slidenav\":\"outside\",\"slidenav_breakpoint\":\"xl\",\"slidenav_margin\":\"medium\",\"slidenav_outside_breakpoint\":\"xl\",\"slider_autoplay_pause\":true,\"slider_gap\":\"default\",\"slider_width\":\"fixed\",\"slider_width_default\":\"1-1\",\"slider_width_medium\":\"1-4\",\"text_align\":\"center\",\"title_align\":\"top\",\"title_element\":\"h3\",\"title_grid_breakpoint\":\"m\",\"title_grid_width\":\"1-2\",\"title_hover_style\":\"reset\"},\"children\":[{\"type\":\"panel-slider_item\",\"props\":{\"content\":\"\n\n<p>Robust design for eventyr og utfordrende terreng.<\\\/p>\",\"image\":\"wp-content\\\/uploads\\\/2025\\\/03\\\/terrain_bike.jpg\",\"link\":\"?page_id=200\",\"title\":\"Terrengsykler\"}},{\"type\":\"panel-slider_item\",\"props\":{\"content\":\"\n\n<p>Lette og aerodynamiske sykler for lange turer og racing.<\\\/p>\",\"image\":\"wp-content\\\/uploads\\\/2025\\\/03\\\/light.jpg\",\"link\":\"?page_id=200\",\"title\":\"Landeveissykler\"}},{\"type\":\"panel-slider_item\",\"props\":{\"content\":\"\n\n<p>Komfortable og praktiske sykler for hverdagsbruk.<\\\/p>\",\"image\":\"wp-content\\\/uploads\\\/2025\\\/03\\\/citybike.jpg\",\"link\":\"?page_id=200\",\"title\":\"Bysykkel\"}},{\"type\":\"panel-slider_item\",\"props\":{\"content\":\"\n\n<p>Moderne teknologi med kraftig motor, tilpasset ulike behov.<\\\/p>\",\"image\":\"wp-content\\\/uploads\\\/2025\\\/03\\\/el_bike.jpg\",\"link\":\"?page_id=200\",\"title\":\"El-sykler\"}}]}]}],\"props\":{\"margin\":\"large\"}},{\"type\":\"row\",\"props\":{\"margin\":\"large\"},\"children\":[{\"type\":\"column\",\"props\":{\"image_position\":\"center-center\",\"position_sticky_breakpoint\":\"m\"},\"children\":[{\"type\":\"quotation\",\"props\":{\"author\":\"Jostein\",\"content\":\"\n\n<p>Vi tilpasser hver sykkel etter din kropp og dine behov, slik at du f\\u00e5r den beste komforten og ytelsen.<\\\/p>\",\"text_align\":\"center\"}}]}]}],\"name\":\"Utvalg\"},{\"type\":\"section\",\"props\":{\"image_position\":\"center-center\",\"padding\":\"xlarge\",\"style\":\"muted\",\"title_breakpoint\":\"xl\",\"title_position\":\"top-left\",\"title_rotation\":\"left\",\"vertical_align\":\"middle\",\"width\":\"default\"},\"children\":[{\"type\":\"row\",\"props\":{\"margin\":\"large\"},\"children\":[{\"type\":\"column\",\"props\":{\"image_position\":\"center-center\",\"position_sticky_breakpoint\":\"m\"},\"children\":[{\"type\":\"headline\",\"props\":{\"content\":\"Fra utvalg til tilpasning\",\"text_align\":\"center\",\"title_element\":\"h1\"}}]}]},{\"type\":\"row\",\"props\":{\"margin\":\"large\"},\"children\":[{\"type\":\"column\",\"props\":{\"image_position\":\"center-center\",\"position_sticky_breakpoint\":\"m\"},\"children\":[{\"type\":\"grid\",\"props\":{\"content_column_breakpoint\":\"m\",\"filter_align\":\"left\",\"filter_all\":true,\"filter_grid_breakpoint\":\"m\",\"filter_grid_width\":\"auto\",\"filter_position\":\"top\",\"filter_style\":\"tab\",\"grid_default\":\"1\",\"grid_medium\":\"4\",\"icon_width\":80,\"image_align\":\"top\",\"image_grid_breakpoint\":\"m\",\"image_grid_width\":\"1-2\",\"image_svg_color\":\"emphasis\",\"item_animation\":true,\"lightbox_bg_close\":true,\"link_style\":\"default\",\"link_text\":\"Read more\",\"margin\":\"default\",\"meta_align\":\"below-title\",\"meta_element\":\"div\",\"meta_style\":\"text-meta\",\"show_content\":true,\"show_hover_image\":true,\"show_hover_video\":true,\"show_image\":true,\"show_link\":true,\"show_meta\":true,\"show_title\":true,\"show_video\":true,\"text_align\":\"center\",\"title_align\":\"top\",\"title_element\":\"h3\",\"title_grid_breakpoint\":\"m\",\"title_grid_width\":\"1-2\",\"title_hover_style\":\"reset\"},\"children\":[{\"type\":\"grid_item\",\"props\":{\"content\":\"\n\n<p>R\\u00e5dgivning for \\u00e5 forst\\u00e5 dine behov.<\\\/p>\",\"title\":\"1. Konsultasjon\"}},{\"type\":\"grid_item\",\"props\":{\"content\":\"\n\n<p>Hjelp med \\u00e5 velge riktig modell fra v\\u00e5rt brede utvalg.<\\\/p>\",\"title\":\"2. Valg av sykkel\"}},{\"type\":\"grid_item\",\"props\":{\"content\":\"\n\n<p>Justering av ramme, seteposisjon, styre og andre ergonomiske elementer.<\\\/p>\",\"title\":\"3. Personlig tilpasning\"}},{\"type\":\"grid_item\",\"props\":{\"content\":\"\n\n<p>Sykkelen leveres klar for din neste tur \\u2013 med mulighet for videre service og oppgraderinger.<\\\/p>\",\"title\":\"4. Levering og oppf\\u00f8lging\"}}]}]}]},{\"type\":\"row\",\"children\":[{\"type\":\"column\",\"props\":{\"image_position\":\"center-center\",\"position_sticky_breakpoint\":\"m\"},\"children\":[{\"type\":\"button\",\"props\":{\"button_size\":\"large\",\"grid_column_gap\":\"small\",\"grid_row_gap\":\"small\",\"margin\":\"default\",\"text_align\":\"center\"},\"children\":[{\"type\":\"button_item\",\"props\":{\"button_style\":\"default\",\"content\":\"Start prosessen n\\u00e5!\",\"dialog_layout\":\"modal\",\"dialog_offcanvas_flip\":true,\"icon\":\"mail\",\"icon_align\":\"left\",\"link\":\"?page_id=200\"}}]}]}]}],\"name\":\"Prosessen\"}],\"version\":\"4.5.10\"} --><\/p>\n","protected":false},"excerpt":{"rendered":"<p>Din dr\u00f8mmesykkel Tilpasset deg Snakk med selger n\u00e5! Som forhandler tilbyr vi et bredt utvalg av sykler. Vi finner den perfekte l\u00f8sningen som matcher dine behov og preferanser. En sykkel til enhver form\u00e5l Terrengsykler Robust design for eventyr og utfordrende terreng. Kontakt Landeveissykler Lette og aerodynamiske sykler for lange turer og racing. Kontakt Bysykkel Komfortable [&hellip;]<\/p>\n","protected":false},"author":1,"featured_media":0,"parent":0,"menu_order":0,"comment_status":"closed","ping_status":"closed","template":"","meta":{"footnotes":""},"class_list":["post-7","page","type-page","status-publish","hentry"],"_links":{"self":[{"href":"https:\/\/wilmannsykkel.no\/index.php?rest_route=\/wp\/v2\/pages\/7","targetHints":{"allow":["GET"]}}],"collection":[{"href":"https:\/\/wilmannsykkel.no\/index.php?rest_route=\/wp\/v2\/pages"}],"about":[{"href":"https:\/\/wilmannsykkel.no\/index.php?rest_route=\/wp\/v2\/types\/page"}],"author":[{"embeddable":true,"href":"https:\/\/wilmannsykkel.no\/index.php?rest_route=\/wp\/v2\/users\/1"}],"replies":[{"embeddable":true,"href":"https:\/\/wilmannsykkel.no\/index.php?rest_route=%2Fwp%2Fv2%2Fcomments&post=7"}],"version-history":[{"count":39,"href":"https:\/\/wilmannsykkel.no\/index.php?rest_route=\/wp\/v2\/pages\/7\/revisions"}],"predecessor-version":[{"id":250,"href":"https:\/\/wilmannsykkel.no\/index.php?rest_route=\/wp\/v2\/pages\/7\/revisions\/250"}],"wp:attachment":[{"href":"https:\/\/wilmannsykkel.no\/index.php?rest_route=%2Fwp%2Fv2%2Fmedia&parent=7"}],"curies":[{"name":"wp","href":"https:\/\/api.w.org\/{rel}","templated":true}]}}